{"id":1445,"date":"2014-10-13T06:33:59","date_gmt":"2014-10-13T06:33:59","guid":{"rendered":"http:\/\/empanishproductions.com\/?page_id=1445"},"modified":"2014-10-14T08:51:21","modified_gmt":"2014-10-14T08:51:21","slug":"jesus-robisco","status":"publish","type":"page","link":"https:\/\/empanishproductions.com\/?page_id=1445","title":{"rendered":"<!--:en-->Jes\u00fas Robisco<!--:--><!--:zh-->Jes\u00fas Robisco<!--:--><!--:es-->Jes\u00fas Robisco<!--:-->"},"content":{"rendered":"<p><!--:en--><strong>Jes\u00fas Robisco<\/strong>\u00a0developed The Physical Education Degree in Aut\u00f3noma University of Madrid. By chance, he discovers a relationship between corporal expression in dance and photography. It is at that time, when he decides to change teaching for scenic and dance photography. Although he has always been a self-taught person, he began formal photographic studies, first at the University of Salamanca, doing the course \u201cDigital Photography and Edition\u201d, and later, in Madrid, with the Professional Photography Course of the prestigious Technical Training Picture School \u201c<a href=\"http:\/\/www.efti.es\/\" target=\"_blank\">EFTI<\/a>\u201c. He completed his studies with the Master of Photography \u201cConcept and Creation\u201d in \u201c<a href=\"http:\/\/www.efti.es\/\" target=\"_blank\">EFTI<\/a>\u201c. Jes\u00fas Robisco is specialized in dance and movement. He works between Barcelona and Madrid mainly, although he has worked with different international dance companies round the world.<\/p>\n<p>[masterslider id=31]<\/p>\n<p>He has photographed; Aerowaves, Alicia Amatria\u00edn, Ana Laguna, \u00c1ngel Rodr\u00edguez, Antonio Carmena, Jes\u00fas Carmona, Antonio Najarro, Babirusa Danza, Barcelona Ballet, Ballet dEurope, The Lyon Opera Ballet, Ballet Nacional de Espa\u00f1a, Pina Bausch Ballet, Boston Ballet, Blanca Li, Carlos Chamorro, Carmen Roche, Carmen Werner, Carolyng Carlson, Cesc Gelabert, Compa\u00f1\u00eda Nacional de Danza, Madrid Superior Conservatory of Dance \u00a0\u201cMar\u00eda de \u00c1vila\u201d, Dacil Gonzalez, Daniel Abreu, Daniel Do\u00f1a, David Loira, David Zambrano, Erre que Erre, Ester Esteban, International Contemporary Dance Festival of the Cannary Islands MASDANZA, Guillermo Weiker , Gonzalo Garc\u00eda, Gustavo Ramirez, Igor Yebra, I\u00f1aki Azpillaga, Israel Galv\u00e1n, Itzik Galili, Jes\u00fas Pastor, Jos\u00e9 Antonio Ru\u00edz, Jos\u00e9 Mart\u00ednez, Kristian Celliniel, Laura Hormig\u00f3n, La Veronal, Legen in dance theatre, Les 7 doigts de la main, Loscordero, Lucia Lacarra, malucos Danza, Manuel Li\u00f1an, Madrid Dance Marathon, Mar Mel, Mar\u00eda Pages, Mey-ling Bisogno, Mikhail Baryshnikov, M\u00f3nica Runde, Moonwater, Nacho Duato, Natalia Medina, Nazaret Panadero, Nederlands Dans Theater, Olga Pericet, The Leipzeg Opera, The Paris Opera, Oscar Torrado, Pablo Esbert, Pedro Berd\u00e4yes, Rafael Bonachela, The Madrid Royal Dance Conservatory \u201cMariemma\u201d, Renato Zanella, Roberto Medina, Roberto Olivan, Ruht Balbis, Sharon Fridman, SIB Dance Festival, Sol Pic\u00f3, Somosquien?, Suite Espa\u00f1ola, Tamara Rojo, Teresa Nieto, Tony Fabr\u00e9, Victor Jim\u00e9nez, Victor Ullate, V\u00edctor Ullate Roche, Virginia Valero, Yosua Cienfuegos, Yuri Yanowski, Zappala Danza<\/p>\n<p><em>Join the team\u2019s work in dance magazine \u201c<a href=\"http:\/\/www.susy-q.es\/web_susy\/index.htm\" target=\"_blank\">Susy-Q<\/a>\u201d and he publishes in \u201c<a href=\"http:\/\/www.porladanza.com\/apd\/revista.asp\" target=\"_blank\">Porladanza<\/a>\u201c, \u201c<a href=\"http:\/\/www.um.es\/campusdigital\/Cultural\/SECCIONES%20CULTURAL\/Danza.htm\" target=\"_blank\">Tiempo de Danza<\/a>\u201d and\u00a0<a href=\"http:\/\/www.danza.es\/\" target=\"_blank\">www.danza.es<\/a><\/em><\/p>\n<p><a href=\"http:\/\/www.jesusrobisco.com\" target=\"_blank\">www.jesusrobisco.com<\/a><!--:--><!--:zh--><strong>Jes\u00fas Robisco<\/strong>\u00a0developed The Physical Education Degree in Aut\u00f3noma University of Madrid. By chance, he discovers a relationship between corporal expression in dance and photography. It is at that time, when he decides to change teaching for scenic and dance photography. Although he has always been a self-taught person, he began formal photographic studies, first at the University of Salamanca, doing the course \u201cDigital Photography and Edition\u201d, and later, in Madrid, with the Professional Photography Course of the prestigious Technical Training Picture School \u201c<a href=\"http:\/\/www.efti.es\/\" target=\"_blank\">EFTI<\/a>\u201c. He completed his studies with the Master of Photography \u201cConcept and Creation\u201d in \u201c<a href=\"http:\/\/www.efti.es\/\" target=\"_blank\">EFTI<\/a>\u201c. Jes\u00fas Robisco is specialized in dance and movement. He works between Barcelona and Madrid mainly, although he has worked with different international dance companies round the world.<\/p>\n<p>[masterslider id=31]<\/p>\n<p>He has photographed; Aerowaves, Alicia Amatria\u00edn, Ana Laguna, \u00c1ngel Rodr\u00edguez, Antonio Carmena, Jes\u00fas Carmona, Antonio Najarro, Babirusa Danza, Barcelona Ballet, Ballet dEurope, The Lyon Opera Ballet, Ballet Nacional de Espa\u00f1a, Pina Bausch Ballet, Boston Ballet, Blanca Li, Carlos Chamorro, Carmen Roche, Carmen Werner, Carolyng Carlson, Cesc Gelabert, Compa\u00f1\u00eda Nacional de Danza, Madrid Superior Conservatory of Dance \u00a0\u201cMar\u00eda de \u00c1vila\u201d, Dacil Gonzalez, Daniel Abreu, Daniel Do\u00f1a, David Loira, David Zambrano, Erre que Erre, Ester Esteban, International Contemporary Dance Festival of the Cannary Islands MASDANZA, Guillermo Weiker , Gonzalo Garc\u00eda, Gustavo Ramirez, Igor Yebra, I\u00f1aki Azpillaga, Israel Galv\u00e1n, Itzik Galili, Jes\u00fas Pastor, Jos\u00e9 Antonio Ru\u00edz, Jos\u00e9 Mart\u00ednez, Kristian Celliniel, Laura Hormig\u00f3n, La Veronal, Legen in dance theatre, Les 7 doigts de la main, Loscordero, Lucia Lacarra, malucos Danza, Manuel Li\u00f1an, Madrid Dance Marathon, Mar Mel, Mar\u00eda Pages, Mey-ling Bisogno, Mikhail Baryshnikov, M\u00f3nica Runde, Moonwater, Nacho Duato, Natalia Medina, Nazaret Panadero, Nederlands Dans Theater, Olga Pericet, The Leipzeg Opera, The Paris Opera, Oscar Torrado, Pablo Esbert, Pedro Berd\u00e4yes, Rafael Bonachela, The Madrid Royal Dance Conservatory \u201cMariemma\u201d, Renato Zanella, Roberto Medina, Roberto Olivan, Ruht Balbis, Sharon Fridman, SIB Dance Festival, Sol Pic\u00f3, Somosquien?, Suite Espa\u00f1ola, Tamara Rojo, Teresa Nieto, Tony Fabr\u00e9, Victor Jim\u00e9nez, Victor Ullate, V\u00edctor Ullate Roche, Virginia Valero, Yosua Cienfuegos, Yuri Yanowski, Zappala Danza<\/p>\n<p>Join the team\u2019s work in dance magazine \u201c<a href=\"http:\/\/www.susy-q.es\/web_susy\/index.htm\" target=\"_blank\">Susy-Q<\/a>\u201d and he publishes in \u201c<a href=\"http:\/\/www.porladanza.com\/apd\/revista.asp\" target=\"_blank\">Porladanza<\/a>\u201c, \u201c<a href=\"http:\/\/www.um.es\/campusdigital\/Cultural\/SECCIONES%20CULTURAL\/Danza.htm\" target=\"_blank\">Tiempo de Danza<\/a>\u201d and\u00a0<a href=\"http:\/\/www.danza.es\/\" target=\"_blank\">www.danza.es<\/a><\/p>\n<p><a href=\"http:\/\/www.jesusrobisco.com\" target=\"_blank\">www.jesusrobisco.com<\/a><!--:--><!--:es--><b>Jes\u00fas Robisco\u00a0<\/b>es en un principio diplomado en Educaci\u00f3n F\u00edsica por la Universidad Aut\u00f3noma de Madrid. De modo casual descubre una relaci\u00f3n entre la expresi\u00f3n corporal en la danza y la fotograf\u00eda. Es en este momento cuando decide cambiar la docencia por la fotograf\u00eda esc\u00e9nica. Aunque siempre su formaci\u00f3n ha sido autodidacta comienza estudios formales, primero en la Universidad de Salamanca con el curso Fotograf\u00eda Digital y Montaje Audiovisual, y despu\u00e9s en Madrid con el Curso Profesional de Fotograf\u00eda. Al a\u00f1o siguiente realiza el Master de Fotograf\u00eda \u201cConcepto y Creaci\u00f3n\u201d en la Escuela de Formaci\u00f3n de T\u00e9cnicos de Imagen\u00a0<a href=\"http:\/\/www.efti.es\/\" target=\"_blank\">EFTI<\/a>. Especializado en danza y en el movimiento desarrolla su trabajo principalmente entre Barcelona y Madrid.<\/p>\n<p>[masterslider id=31]<\/p>\n<p>Ha fotografiado a; Aerowaves, Alicia Amatria\u00edn, Ana Laguna, \u00c1ngel Rodr\u00edguez, Antonio Carmena, Jes\u00fas Carmona, Antonio Najarro, Babirusa Danza, Barcelona Ballet, Ballet d\u2019Europe, Ballet de la \u00d3pera Lyon, Ballet Nacional de Espa\u00f1a, Ballet Pina Bausch, Boston Ballet, Blanca Li, Carlos Chamorro, Carmen Roche, Carmen Werner, Carolyng Carlson, Cesc Gelabert, Compa\u00f1\u00eda Nacional de Danza, Conservatorio Superior de Danza de Madrid, Dacil Gonzalez, Daniel Abreu, Daniel Do\u00f1a, David Loira, David Zambrano, Erre que Erre, Ester Esteban, Festival Internacional de Danza Contempor\u00e1nea de Canarias MASDANZA, Guillermo Weiker , Gonzalo Garc\u00eda, Gustavo Ramirez, Igor Yebra, I\u00f1aki Azpillaga, Israel Galv\u00e1n, Itzik Galili, Jes\u00fas Pastor, Jos\u00e9 Antonio Ru\u00edz, Jos\u00e9 Mart\u00ednez, Kristian Celliniel, Laura Hormig\u00f3n, La Veronal, Legen in Dance Theatre, Les 7 doigts de la main, Loscordero, Lucia Lacarra, malucos Danza, Manuel Li\u00f1an, Marat\u00f3n de Danza de Madrid, Mar Mel, Mar\u00eda Pages, Mey-ling Bisogno, Mikhail Baryshnikov, M\u00f3nica Runde, Moonwater, Nacho Duato, Natalia Medina, Nazaret Panadero, Nederlands Dance Theater, Olga Pericet, \u00d3pera de Leipzeg, \u00d3pera de Paris, Oscar Torrado, Pablo Esbert, Pedro Berd\u00e4yes, Rafael Bonachela, Real Conservatorio de Danza de Madrid Mariemma, Renato Zanella, Roberto Medina, Roberto Olivan, Ruht Balbis, Sharon Fridman, SIB Dance Festival, Sol Pic\u00f3, Somosquien?, Suite Espa\u00f1ola, Tamara Rojo, Teresa Nieto, Tony Fabr\u00e9, Victor Jim\u00e9nez, Victor Ullate, V\u00edctor Ullate Roche, Virginia Valero, Yosua Cienfuegos, Yuri Yanowski, Zappala Danza<\/p>\n<p>Forma parte del equipo de trabajo de la revista especializada en danza\u00a0<a href=\"http:\/\/www.susy-q.es\/web_susy\/index.htm\" target=\"_blank\">Susy-Q<\/a>\u00a0y publica en\u00a0<a href=\"http:\/\/www.porladanza.com\/apd\/revista.asp\" target=\"_blank\">Porladanza<\/a>,\u00a0<a href=\"http:\/\/www.um.es\/campusdigital\/Cultural\/SECCIONES%20CULTURAL\/Danza.htm\" target=\"_blank\">Tiempo de Danza<\/a>\u00a0y\u00a0<a href=\"http:\/\/www.danza.es\/\" target=\"_blank\">www.danza.es<\/a>.<\/p>\n<p><a href=\"http:\/\/www.jesusrobisco.com\" target=\"_blank\">www.jesusrobisco.com<\/a><!--:--><\/p>\n","protected":false},"excerpt":{"rendered":"<p>Jes\u00fas Robisco\u00a0developed The Physical Education Degree in Aut\u00f3noma University of Madrid. By chance, he discovers a relationship between corporal expression in dance and photography. It is at that time, when he decides to change teaching for scenic and dance photography. Although he has always been a self-taught person, he began formal photographic studies, first at [&hellip;]<\/p>\n","protected":false},"author":1001004,"featured_media":0,"parent":0,"menu_order":0,"comment_status":"closed","ping_status":"closed","template":"","meta":{"footnotes":""},"class_list":["post-1445","page","type-page","status-publish","hentry"],"_links":{"self":[{"href":"https:\/\/empanishproductions.com\/index.php?rest_route=\/wp\/v2\/pages\/1445","targetHints":{"allow":["GET"]}}],"collection":[{"href":"https:\/\/empanishproductions.com\/index.php?rest_route=\/wp\/v2\/pages"}],"about":[{"href":"https:\/\/empanishproductions.com\/index.php?rest_route=\/wp\/v2\/types\/page"}],"author":[{"embeddable":true,"href":"https:\/\/empanishproductions.com\/index.php?rest_route=\/wp\/v2\/users\/1001004"}],"replies":[{"embeddable":true,"href":"https:\/\/empanishproductions.com\/index.php?rest_route=%2Fwp%2Fv2%2Fcomments&post=1445"}],"version-history":[{"count":6,"href":"https:\/\/empanishproductions.com\/index.php?rest_route=\/wp\/v2\/pages\/1445\/revisions"}],"predecessor-version":[{"id":1509,"href":"https:\/\/empanishproductions.com\/index.php?rest_route=\/wp\/v2\/pages\/1445\/revisions\/1509"}],"wp:attachment":[{"href":"https:\/\/empanishproductions.com\/index.php?rest_route=%2Fwp%2Fv2%2Fmedia&parent=1445"}],"curies":[{"name":"wp","href":"https:\/\/api.w.org\/{rel}","templated":true}]}}