{"id":636,"date":"2014-10-07T04:18:56","date_gmt":"2014-10-07T04:18:56","guid":{"rendered":"http:\/\/empanishproductions.com\/?page_id=636"},"modified":"2014-10-10T15:00:15","modified_gmt":"2014-10-10T15:00:15","slug":"johnny-huang","status":"publish","type":"page","link":"https:\/\/empanishproductions.com\/?page_id=636","title":{"rendered":"<!--:en-->Personal Information<!--:--><!--:zh-->\u500b\u4eba\u8cc7\u6599<!--:--><!--:es-->Informaci\u00f3n Personal<!--:-->"},"content":{"rendered":"<p><!--:en--><\/p>\n<p style=\"text-align: center;\">You are right, I am certainly an incurable perfectionist<br \/>\nAn anti(hate)-work workaholic. I enjoy doing things which hounds myself to death.<\/p>\n<p style=\"text-align: center;\">I have \u00abquad core\u00bb CPU, just like four different names. You can never understand me completely, but you can find my soul in each of my photographs.<\/p>\n<p style=\"text-align: center;\">I was cheated into becoming a producer when I was young.<\/p>\n<p style=\"text-align: center;\">Since then I have done over a hundred of commercials, music videos and movie supporting.<\/p>\n<p style=\"text-align: center;\">I am still lingering on this never returning journey and challenging the limitation of myself.<\/p>\n<p>[masterslider id=11]<!--:--><!--:zh--><\/p>\n<p style=\"text-align: center;\">\u662f\u7684\uff01\u6211\u662f\u4e00\u500b\u7121\u53ef\u6551\u85e5\u7684\u5b8c\u7f8e\u4e3b\u7fa9\u8005\uff0c<br \/>\n\u4e00\u500b\u8a0e\u53ad\u5de5\u4f5c\u7684\u5de5\u4f5c\u72c2\uff0c\u6700\u559c\u6b61\u505a\u903c\u6b7b\u81ea\u5df1\u7684\u4e8b\uff01<\/p>\n<p style=\"text-align: center;\">\u6211\u7684\u5167\u5728\u662f\u4e00\u5ea7\u56db\u6838\u5fc3\u8655\u7406\u5668\uff0c\u5982\u540c\u6211\u6709\u56db\u500b\u540d\u5b57\uff0c<br \/>\n\u4f60\u6c38\u9060\u4e5f\u4e0d\u6703\u8a8d\u8b58\u4e00\u500b\u5b8c\u6574\u7684\u6211\uff0c<br \/>\n\u4f46\u6211\u7684\u9748\u9b42\u5b58\u5728\u65bc\u6bcf\u4e00\u5e45\u5f71\u50cf\u4f5c\u54c1\u4e2d\u3002<\/p>\n<p style=\"text-align: center;\">\u5e74\u8f15\u6642\u56e0\u70ba\u592a\u55ae\u7d14\u88ab\u8a50\u9a19\u800c\u5f9e\u4e8b\u5f71\u50cf\u88fd\u4f5c\uff0c<br \/>\n\u81f3\u4eca\u62cd\u651d\u904e\u4e0a\u767e\u90e8CF\u3001MV\u548c\u96fb\u5f71\u5354\u529b\u3002<br \/>\n\u5982\u4eca\u4ecd\u5728\u4e0d\u6b78\u8def\u4e0a\u82df\u5ef6\u6b98\u5598\uff0c<br \/>\n\u7b49\u8457\u8e0f\u4e0a\u53e6\u4e00\u689d\u4e0d\u6b78\u8def\u7e7c\u7e8c\u6311\u6230\u5fc3\u81df\u7684\u5f37\u5ea6\uff01<br \/>\n[masterslider id=11]<\/p>\n<p><!--:--><!--:es--><\/p>\n<p style=\"text-align: center;\">\u00a1As\u00ed es!, soy un perfeccionista incurable.<br \/>\nUn adicto al trabajo que odia trabajar y que disfruta oblig\u00e1ndose a hacer cosas que no quiere.<\/p>\n<p style=\"text-align: center;\">Vengo armado con un CPU de \u00abcuatro n\u00facleos\u00bb, y al igual que el procesador tengo otras tantas personalidades. Nunca podr\u00e1s llegar a entenderme completamente, pero s\u00ed que podr\u00e1s encontrar mi alma en cada una de mis fotograf\u00edas.<\/p>\n<p style=\"text-align: center;\">Cuando era joven me enga\u00f1aron para que me hiciera productor, y desde entonces he hecho m\u00e1s de cien anuncios, v\u00eddeos m\u00fasicales y colaborado en pel\u00edculas.<\/p>\n<p style=\"text-align: center;\">Todav\u00eda estoy aguantando en este camino que parece sin retorno y desafiando mis propios l\u00edmites.<\/p>\n<p>[masterslider id=11]<!--:--><\/p>\n","protected":false},"excerpt":{"rendered":"<p>You are right, I am certainly an incurable perfectionist An anti(hate)-work workaholic. I enjoy doing things which hounds myself to death. I have \u00abquad core\u00bb CPU, just like four different names. You can never understand me completely, but you can find my soul in each of my photographs. I was cheated into becoming a producer [&hellip;]<\/p>\n","protected":false},"author":1001002,"featured_media":0,"parent":0,"menu_order":0,"comment_status":"closed","ping_status":"closed","template":"","meta":{"footnotes":""},"class_list":["post-636","page","type-page","status-publish","hentry"],"_links":{"self":[{"href":"https:\/\/empanishproductions.com\/index.php?rest_route=\/wp\/v2\/pages\/636","targetHints":{"allow":["GET"]}}],"collection":[{"href":"https:\/\/empanishproductions.com\/index.php?rest_route=\/wp\/v2\/pages"}],"about":[{"href":"https:\/\/empanishproductions.com\/index.php?rest_route=\/wp\/v2\/types\/page"}],"author":[{"embeddable":true,"href":"https:\/\/empanishproductions.com\/index.php?rest_route=\/wp\/v2\/users\/1001002"}],"replies":[{"embeddable":true,"href":"https:\/\/empanishproductions.com\/index.php?rest_route=%2Fwp%2Fv2%2Fcomments&post=636"}],"version-history":[{"count":14,"href":"https:\/\/empanishproductions.com\/index.php?rest_route=\/wp\/v2\/pages\/636\/revisions"}],"predecessor-version":[{"id":1427,"href":"https:\/\/empanishproductions.com\/index.php?rest_route=\/wp\/v2\/pages\/636\/revisions\/1427"}],"wp:attachment":[{"href":"https:\/\/empanishproductions.com\/index.php?rest_route=%2Fwp%2Fv2%2Fmedia&parent=636"}],"curies":[{"name":"wp","href":"https:\/\/api.w.org\/{rel}","templated":true}]}}